).
-1
Let c(q) = -13*q - 1. What is c(-1)?
12
Let r(h) = -2*h - 9. Determine r(-4).
-1
Let d(f) = f**3 - 13*f. Calculate d(-4).
-12
Let n(v) = 35*v**3 - 2*v**2 + 4*v - 3. What is n(1)?
34
Let i(o) = 2*o**2 - 15*o. Calculate i(7).
-7
Let w(o) = o**2 - 2*o - 4. Calculate w(-4).
20
Let i(r) = 35*r + 21. Calculate i(-1).
-14
Let s(n) = n**3 + 4*n**2 + n + 8. Determine s(-4).
4
Let o(p) = -p**2 + 3*p + 1. Give o(-1).
-3
Let c(b) = -b**2 + 2*b + 2. Give c(-4).
-22
Let p(x) = -x**2 - 3*x - 2. What is p(-7)?
-30
Let w(b) = 9*b - 41. Calculate w(9).
40
Let n(k) = k**2 - 14*k - 178. Give n(-8).
-2
Let h(g) = -42*g + 510. Give h(12).
6
Let v(l) = -19*l + 196. What is v(10)?
6
Let k(j) = j**3 - 4*j**2 + j + 3. Determine k(5).
33
Let u(l) = -3*l**3 + 2*l**2 - 3*l. Give u(1).
-4
Let f(g) = g**2 - 4*g + 2. Give f(1).
-1
Let w(r) = r**3 - 9*r**2 + 4*r - 2. Give w(8).
-34
Let b(o) = -o**2 + 106*o - 504. What is b(5)?
1
Let p(o) = 2*o**2 - 4*o - 3. Give p(-2).
13
Let u(m) = m**3 + 4*m**2 - 3*m + 12. Determine u(-5).
2
Let o(s) = -s**2 - 8*s - 29. Calculate o(-6).
-17
Let q(k) = -k**2 - 28*k - 31. Determine q(-27).
-4
Let v(c) = -c**3 + 22*c**2 + 74*c + 34. Calculate v(25).
9
Let b(d) = -d**2 - 27*d - 134. Calculate b(-22).
-24
Let x(w) = -w**3 - 13*w**2 - 19*w + 27. Calculate x(-10).
-83
Let g(i) = i**3 + 8*i**2 + 11*i. Calculate g(-2).
2
Let a(u) = 48*u**2 + 4*u + 2. What is a(-1)?
46
Let o(q) = 8*q - 13. Determine o(-3).
-37
Let j(v) = -3*v - 13. Determine j(-6).
5
Let k(h) = h**2 + 9*h + 4. Calculate k(-6).
-14
Let h(y) = y**2 - 6*y + 11. Determine h(9).
38
Let y(j) = 2*j**2 - j + 9. Calculate y(-4).
45
Let r(j) = j - 5. Calculate r(-5).
-10
Let v(z) = -2*z**3 - 8*z**2 + 10*z - 1. Calculate v(-5).
-1
Let a(d) = d**2 - 14*d + 32. What is a(11)?
-1
Let s(u) = -u**3 + 6*u**2 - 5*u + 4. What is s(3)?
16
Let j(m) = 3*m**2 - 14*m + 16. Give j(8).
96
Let x(y) = -y**3 + 7*y**2 + 10*y - 2. Determine x(8).
14
Let x(h) = -h**3 - 27*h**2 + 26*h - 63. Calculate x(-28).
-7
Let a(u) = u**3 - 4*u**2 + u + 7. What is a(4)?
11
Let l(u) = 6*u + 59. Calculate l(-9).
5
Let g(q) = 22*q + 1. Determine g(-1).
-21
Let d(v) = -3*v**2 - 7*v + 7. Calculate d(-5).
-33
Let f(k) = 2*k**3 - 11*k**2 + 5*k - 2. What is f(5)?
-2
Let r(y) = 2*y**3 - 10*y**2 + 16*y - 30. Give r(4).
2
Let d(b) = -b**3 - 9*b**2 + 3*b - 6. Give d(-9).
-33
Let y(k) = -k**3 + 7*k**2 + 3*k - 16. Calculate y(7).
5
Let f(w) = 30*w**2 + 1. Calculate f(1).
31
Let v(l) = -l**3 + 3*l**2 + 2*l - 7. Determine v(4).
-15
Let i(a) = a**3 + 15*a**2 + 24*a - 40. Determine i(-13).
-14
Let b(g) = -8*g. Calculate b(4).
-32
Let k(m) = -m**2 - m - 42. Determine k(0).
-42
Let k(j) = -2*j**3 - 18*j**2 - 12*j + 36. Give k(-8).
4
Let x(a) = 2*a**3 + 12*a**2 - 7*a + 6. Calculate x(-7).
-43
Let p(z) = -14*z**3 - z. What is p(-1)?
15
Let k(x) = -x**3 + 4*x**2 + 1. Calculate k(5).
-24
Let v(q) = 14*q**2 + q - 9. Calculate v(0).
-9
Let t(c) = c**3 - 6*c**2 - 2*c + 14. Give t(6).
2
Let c(m) = -m**3 + 7*m**2 - 11*m + 2. Give c(4).
6
Let g(r) = -3*r**2 - 63*r + 9. Determine g(-21).
9
Let h(r) = -r**2 - 8*r + 4. Determine h(-9).
-5
Let z(q) = q**3 - 13*q**2 - q - 14. What is z(13)?
-27
Let p(m) = m**2 + 5*m - 14. Calculate p(-8).
10
Let z(f) = -6*f - 15. Determine z(-11).
51
Let z(k) = -3*k + 99. Give z(28).
15
Let c(a) = -6*a + 4. Calculate c(2).
-8
Let t(o) = -o**3 + 9*o**2 - 15*o + 19. Determine t(7).
12
Let w(j) = 8*j - 3. What is w(5)?
37
Let o(d) = -12*d + 11. What is o(8)?
-85
Let t(b) = 7*b**2 - 3*b - 5. Calculate t(-1).
5
Let f(t) = -5*t**2 - 8*t - 4. Calculate f(-5).
-89
Let m(g) = -3*g + 107. What is m(36)?
-1
Let a(h) = -h**2 + 10*h - 18. Determine a(7).
3
Let g(l) = 2*l**2 + l + 6. Give g(5).
61
Let l(r) = -r**3 + 44*r**2 - 45*r + 81. Calculate l(43).
-5
Let r(c) = -c**2 + 23*c - 129. Determine r(10).
1
Let r(q) = -11*q - 26. Give r(-6).
40
Let j(n) = -n**2 + 3*n - 1. What is j(1)?
1
Let r(g) = -8*g - 12. Determine r(-3).
12
Let a(g) = g**2 - 33. Calculate a(-6).
3
Let m(w) = w**3 - 2*w**2 - 12*w + 4. Determine m(5).
19
Let j(a) = 2*a**3 + 9*a**2 + 11*a + 76. Determine j(-5).
-4
Let z(v) = -v**3 + 8*v**2 + 14*v - 45. Calculate z(9).
0
Let u(b) = -b**2 - 30*b + 63. Determine u(-31).
32
Let u(c) = -3*c**2 - 2*c + 1. Calculate u(-1).
0
Let j(r) = r**3 + 3*r**2 - 28*r + 10. Give j(6).
166
Let q(c) = c**2 + c. Calculate q(-5).
20
Let a(l) = -11*l - 25. Calculate a(-3).
8
Let c(g) = g**3 + 14*g**2 + 4*g - 123. What is c(-13)?
-6
Let n(z) = -z**3 + 8*z**2 - 10*z + 19. Calculate n(7).
-2
Let w(t) = -t**3 - 5*t**2 - 7*t - 6. What is w(-4)?
6
Let j(h) = -h**3 + 6*h**2 - 3*h + 4. What is j(5)?
14
Let t(d) = -d**2 - 4*d + 7. Calculate t(-4).
7
Let m(p) = 8*p**2 + 42*p + 15. What is m(-5)?
5
Let q(c) = 138*c - 840. Give q(6).
-12
Let r(p) = p**2 - 2*p - 7. Give r(5).
8
Let q(c) = c - 7. Give q(4).
-3
Let p(a) = -a**3 - 4*a**2 + 9. Calculate p(-2).
1
Let w(p) = -5*p**2 - p. Give w(-1).
-4
Let i(n) = 6*n**2 - 90*n + 13. Give i(15).
13
Let f(q) = 26*q - 163. Calculate f(6).
-7
Let n(h) = h**2 + 4*h - 8. Give n(6).
52
Let h(n) = -3*n - 7. Calculate h(-15).
38
Let c(s) = -s**2 - 2*s + 61. Determine c(-10).
-19
Let v(a) = -a + 5. Calculate v(0).
5
Let p(h) = -5*h. Determine p(3).
-15
Let d(p) = -2*p**3 - 7*p**2 + 7*p - 23. Give d(-5).
17
Let p(f) = -f**3 + 8*f**2 - 5*f - 6. Determine p(7).
8
Let w(c) = -c**3 + 10*c**2 - c - 8. Determine w(10).
-18
Let l(o) = -9*o - 4. Determine l(-4).
32
Let p(s) = -s**3 + 9*s**2 - 12*s - 2. What is p(8)?
-34
Let f(k) = 3*k - 28. What is f(0)?
-28
Let s(k) = 7*k - 3. Give s(3).
18
Let m(o) = 4*o - 8. Give m(7).
20
Let r(b) = -b**2 + 4*b - 115. What is r(0)?
-115
Let d(g) = -43*g + 630. What is d(14)?
28
Let w(s) = -47*s + 193. Calculate w(4).
5
Let w(o) = 2*o**3 + 6*o**2 + 5*o + 3. Give w(-3).
-12
Let p(d) = d**2 - 20*d - 530. Give p(35).
-5
Let s(q) = 4*q + 14. What is s(-7)?
-14
Let a(g) = -10*g - 83. What is a(-8)?
-3
Let n(t) = -41*t + 83. Give n(2).
1
Let k(o) = o**2 - 7*o - 1. Give k(5).
-11
Let v(r) = 2*r - 22. Determine v(16).
10
Let i(p) = -p**3 + 4*p**2 + 9*p - 2. Give i(6).
-20
Let m(i) = -5*i + 3. Calculate m(-3).
18
Let d(t) = -3*t + 2. What is d(-5)?
17
Let j(d) = 37*d + 4. Calculate j(-2).
-70
Let q(u) = -u + 22. What is q(20)?
2
Let n(c) = c**3 + 13*c**2 + 31*c + 7. Determine n(-10).
-3
Let h(n) = n**3 + 4*n**2 + n + 1. Give h(-4).
-3
Let v(r) = r**3 + r**2 - 4*r - 2. Determine v(-3).
-8
Let z(s) = 7*s - 1. What is z(-4)?
-29
Let v(q) = 5*q**2 + 7*q + 7. Calculate v(-2).
13
Let y(i) = -i**3 + 11*i**2 - 14*i + 16. Calculate y(9).
52
Let u(a) = -a**2 + 7*a + 1. Give u(6).
7
Let m(g) = g**2 - 10*g - 4. What is m(11)?
7
Let y(x) = x**2 - 8*x - 3. Calculate y(6).
-15
Let m(n) = n**2 + 33*n - 134. What is m(-37)?
14
Let d(n) = -2*n**2 - 4*n + 4. Determine d(-4).
-12
Let o(l) = -l**3 + 5*l**2 - 2*l + 7. Calculate o(3).
19
Let h(y) = -18*y**2 + 6*y - 6. What is h(1)?
-18
Let b(r) = 13*r**2 + 4*r + 2. Determine b(-2).
46
Let w(h) = -h - 8. Determine w(-2).
-6
Let i(k) = -4*k - 11. Determine i(-5).
9
Let u(z) = -z**2 - 3*z - 1. Calculate u(-6).
-19
Let g(d) = -7*d - 14. What is g(-2)?
0
Let q(x) = -7*x**2 - 12*x. What is q(-2)?
-4
Let q(v) = v**2 + 13*v + 16. What is q(-11)?
-6
Let o(v) = v**3 - 4*v**2 - 22. Give o(5).
3
Let c(y) = -10*y**3 + y**2 - 3*y + 5. What is c(2)?
-77
Let g(f) = f**2 + f - 16. Give g(3).
-4
Let v(a) = a + 31. What is v(-28)?
3
Let i(c) = -c**3 - 10*c**2 + 28*c + 3. Calculate i(-12).
-45
Let i(t) = -t**2 + 14*t + 19. Calculate i(14).
19
Let g(t) = -4*t**2 + t + 12. Give g(4).
-48
Let w(x) = -6*x - 110. Calculate w(-18).
-2
Let i(t) = 12*t**3 + 3*t**2 + 2*t + 3. Give i(-2).
-85
Let w(y) = -y**3 - 7*y**2 + 2*y + 10. Determine w(-7).
-4
Let p(o) = 4*o + 18. Give p(-8).
-14
Let s(n) = 2*n**2 + 17*n - 6. Calculate s(-9).
3
Let r(v) = -v**3 + 7*v**2 + 9. Give r(7).
9
Let u(t) = t**2 + 21*t + 66. Calculate u(-4).
-2
Let i(s) = s**3 - 5*s**2 - 10*s + 8. What is i(6)?
-16
Let v(d) = d**3 - 14*d**2 - d + 8. Determine v(14).
-6
Let j(c) = 2*c**3 + 32*c**2 - 31*c + 55. What is j(-17)?
4
Let y(b) = -13*b**2 - 3*b - 7. Calculate y(-2).
-53
Let l(t) = -10*t + 71. Calculate l(8).
-9
Let m(d) = -3*d + 17. What is m(13)?
-22
Let r(j) = j**2 + 11*j + 7. Give r(-10).
-3
Let b(s) = 15*s**2 + 2. What is b(-